k) = -k**3 - 3*k**2 - k + 2. Give z(-3).
5
Let x(r) = -558*r + 108818. Calculate x(195).
8
Let b(s) = 218*s + 3168. Give b(-10).
988
Let y(q) = 25*q**2 - 78*q - 81. Calculate y(-1).
22
Let m(h) = h**3 + 47*h**2 + 281*h - 42. Calculate m(-7).
-49
Let z(j) = 13*j**2 - 181*j + 529. Give z(15).
739
Let f(m) = -7276*m - 43359. Give f(-6).
297
Let m(o) = -8*o**3 + 102*o**2 + 57*o - 56. What is m(13)?
347
Let l(a) = 182*a**2 - 24214*a + 1088. What is l(133)?
24
Let a(h) = -h**3 - 68*h**2 - 283*h - 5740. Determine a(-65).
-20
Let n(a) = -7*a**3 + 9*a**2 - 766*a + 758. Give n(1).
-6
Let t(b) = 1913*b + 17128. What is t(-9)?
-89
Let g(m) = m**3 - 26*m**2 - 3419*m + 565. What is g(-47)?
1
Let z(w) = 311346*w - 2490791. Calculate z(8).
-23
Let v(h) = 71276*h - 3136146. Determine v(44).
-2
Let f(v) = 18*v**2 + 945*v - 3597. Give f(-56).
-69
Let i(y) = -y**3 - 4*y + 686. Give i(0).
686
Let j(x) = -3522*x - 105652. Calculate j(-30).
8
Let b(h) = -62*h + 2758. Calculate b(27).
1084
Let n(t) = 3*t**3 - 68*t**2 - 396*t + 8638. Determine n(23).
59
Let u(r) = 12*r**2 - 153*r - 854. Calculate u(17).
13
Let n(y) = 2*y**2 - 118*y + 1341. Determine n(13).
145
Let o(y) = -5357*y - 85660. What is o(-16)?
52
Let k(j) = 185*j + 20263. Calculate k(-110).
-87
Let z(m) = -36*m**2 - 919*m + 76266. Determine z(35).
1
Let h(g) = 13*g**3 - 34591*g**2 - 5288*g - 90472. What is h(2661)?
2
Let k(g) = -g**3 - 153*g**2 + 6619*g + 6661. Determine k(36).
1
Let m(l) = l**2 - 343*l - 18469. Calculate m(-47).
-139
Let q(h) = 701*h + 12627. Give q(-18).
9
Let q(g) = 2*g**3 - 444*g**2 - 873*g - 5146. Determine q(224).
6
Let x(o) = -8*o**2 - 11406*o + 79884. Calculate x(7).
-350
Let a(o) = 3*o**2 + 923*o - 4081. Determine a(-312).
-25
Let r(a) = a**2 - 550*a - 16208. Give r(578).
-24
Let y(g) = -33*g**2 + 2127*g + 123. Give y(63).
3147
Let m(d) = -379*d + 3117. Give m(9).
-294
Let s(l) = -1350*l + 170. Give s(-1).
1520
Let p(t) = 109*t**2 + 9088*t + 18164. What is p(-2)?
424
Let k(a) = a**3 - 51*a**2 + 98*a - 2. Determine k(49).
-2
Let g(r) = r**2 + 407*r + 38223. Calculate g(-147).
3
Let b(g) = 2*g**3 - 97*g**2 + 405*g - 332. Determine b(44).
64
Let p(r) = -35*r**3 - 2485*r**2 - 13*r - 896. Give p(-71).
27
Let f(i) = 100864*i - 6253604. Determine f(62).
-36
Let p(y) = 541*y + 77060. Determine p(-145).
-1385
Let a(t) = 19*t**3 - 374*t**2 + 77*t - 12. Give a(20).
3928
Let c(w) = 9361*w + 37531. What is c(-4)?
87
Let v(q) = -990*q - 68294. Determine v(-69).
16
Let b(k) = k**3 + 22*k**2 - 495*k - 174. What is b(14)?
-48
Let d(g) = 3023*g + 527172. Determine d(-174).
1170
Let w(d) = -13*d**2 + 709*d + 5116. What is w(61)?
-8
Let z(h) = -17*h**2 + 696*h - 5630. Determine z(30).
-50
Let y(i) = -56*i**2 - 547*i + 124. Calculate y(-10).
-6
Let m(h) = 5*h**2 + 1439*h - 15060. Determine m(-298).
138
Let m(a) = -159*a**3 + 3372*a + 6749. What is m(-2)?
1277
Let o(d) = 206*d - 3818. What is o(20)?
302
Let c(n) = 3350*n + 107172. Give c(-32).
-28
Let y(f) = -f**3 + 117*f + 868. Give y(-10).
698
Let b(r) = -2*r**3 - 59*r**2 + 2026*r + 5636. Determine b(-49).
1
Let o(h) = h**2 - 475*h + 18183. Give o(42).
-3
Let b(i) = 46*i + 140. Determine b(11).
646
Let t(a) = 2390*a - 226993. Calculate t(95).
57
Let a(s) = -3*s**3 + 12*s**2 + 14*s - 248. Determine a(4).
-192
Let n(t) = 1808*t + 368881. What is n(-204)?
49
Let n(o) = 258*o + 8928. Determine n(-33).
414
Let r(p) = 2*p**3 + 346*p**2 - 340*p + 1348. Give r(-174).
-44
Let v(z) = 42433*z + 170069. Calculate v(-4).
337
Let m(f) = 12*f**2 - 1860*f - 15818. Determine m(-8).
-170
Let k(q) = -984*q + 17866. What is k(18)?
154
Let h(c) = -5*c**2 + 61*c + 130. Give h(22).
-948
Let k(j) = j**3 + 2*j**2 + 416623*j + 1666535. Give k(-4).
11
Let o(y) = -y**2 - 818*y + 121096. Calculate o(128).
8
Let l(p) = -9*p**3 - 12*p**2 + 32*p - 14. What is l(4)?
-654
Let v(o) = -23370*o + 817957. Give v(35).
7
Let x(k) = k**3 + 313*k**2 - 629*k + 275. Calculate x(-315).
-40
Let h(m) = 9112*m + 27372. Determine h(-3).
36
Let j(x) = 2*x**3 - 141*x**2 + 1110*x - 25. Calculate j(9).
2
Let j(c) = -953*c + 812. Give j(1).
-141
Let d(n) = -3*n**2 + 324*n - 626. Determine d(103).
919
Let g(z) = -z**3 - 271*z**2 - 3375*z - 5378. Give g(-258).
40
Let h(y) = -y**3 - 5*y**2 + 4038*y + 20184. What is h(-5)?
-6
Let v(j) = 1719*j + 24511. What is v(-14)?
445
Let l(a) = -32*a**3 - 607*a**2 - 6*a - 70. Determine l(-19).
405
Let s(z) = 2*z**3 + 52*z**2 + 6097*z + 181854. What is s(-29)?
-5
Let x(c) = -18611*c - 706930. Calculate x(-38).
288
Let t(l) = -2*l**2 + 736*l - 39394. What is t(303)?
-4
Let j(x) = -x**2 - 54*x - 175. Calculate j(-39).
410
Let p(l) = 796*l + 124332. Give p(-156).
156
Let b(x) = 7*x**3 - 109*x**2 + 309*x - 28. What is b(3)?
107
Let o(y) = 4*y**3 - 143*y**2 + 975*y - 783. Calculate o(27).
27
Let d(x) = -78*x - 343. Determine d(-6).
125
Let d(i) = 4*i**3 - 44*i**2 - 6*i + 272. Determine d(12).
776
Let o(s) = 2151*s + 539904. Calculate o(-251).
3
Let u(n) = -193*n**2 - 2*n - 86. Calculate u(0).
-86
Let b(i) = i**2 - 384*i + 6203. Calculate b(17).
-36
Let o(i) = i**3 - 33*i**2 + 225*i - 594. Determine o(25).
31
Let z(t) = 192*t + 30645. Determine z(-170).
-1995
Let b(d) = -3*d**2 + 555*d + 319. Determine b(185).
319
Let f(l) = 1718*l - 49123. Determine f(28).
-1019
Let s(h) = -27*h**3 + 924*h**2 - 77*h - 4334. Give s(34).
-16
Let c(s) = s**2 + 1919*s - 70377. Determine c(36).
3
Let x(k) = -2*k**3 + 214*k**2 + 17382*k - 325. Determine x(-54).
-1
Let t(c) = -6*c**2 + 95*c + 74. What is t(26)?
-1512
Let z(j) = j**3 + 133*j**2 + 285*j + 2260. What is z(-131)?
-753
Let x(o) = 515*o + 10319. Give x(-20).
19
Let y(m) = 120*m**2 - 2910*m + 2911. Calculate y(1).
121
Let w(k) = k**3 + 16*k**2 - 165*k - 2553. What is w(-15)?
147
Let l(t) = 22*t**2 - 6028*t - 36118. Determine l(-6).
842
Let d(j) = 4200*j - 138575. Calculate d(33).
25
Let o(m) = 660*m - 34794. Calculate o(53).
186
Let b(f) = f**2 + 11920*f + 131010. Give b(-11).
11
Let a(w) = 3433*w - 164767. Calculate a(48).
17
Let p(j) = j**3 + 8*j**2 + 41*j + 616. Give p(-10).
6
Let c(t) = -t**3 - 21*t**2 + 178*t + 1904. What is c(11)?
-10
Let s(h) = 4*h**2 + 1398*h + 5603. Determine s(-4).
75
Let z(l) = l**3 - 11*l**2 + 924*l + 9913. Calculate z(-9).
-23
Let j(f) = -f**2 + 319*f + 20947. What is j(-60)?
-1793
Let u(x) = -13502*x + 162016. Give u(12).
-8
Let q(b) = -95377*b + 858403. Determine q(9).
10
Let x(w) = -3*w**3 - 39*w**2 + w + 508. Determine x(-11).
-229
Let i(v) = -v**3 + 52*v**2 - 492*v - 577. What is i(39)?
8
Let f(a) = -a**3 + 50*a**2 + 13*a - 669. Give f(50).
-19
Let h(w) = 568109*w + 10225957. Determine h(-18).
-5
Let o(r) = -r**3 + 343*r**2 + 4914*r + 29973. What is o(357)?
-15
Let y(l) = -10845*l + 434092. Calculate y(40).
292
Let c(r) = -9311*r + 121041. Determine c(13).
-2
Let j(g) = -5122*g - 86894. What is j(-17)?
180
Let n(t) = -25*t**2 + 135*t + 835. Determine n(-5).
-465
Let f(m) = -m**2 + 184*m + 5715. Calculate f(-27).
18
Let j(z) = -z**3 + 6*z**2 + 113*z + 59. Determine j(17).
-1199
Let r(y) = 239*y**2 - 112325*y - 2352. Give r(470).
-2
Let r(n) = 2*n**3 - 36*n**2 + 60*n + 18. Determine r(-11).
-7660
Let g(l) = -3*l**3 + 68*l**2 - 10*l - 628. Give g(22).
120
Let y(h) = 395*h + 4160. What is y(-14)?
-1370
Let p(z) = 2*z**2 - 101*z - 1059. Give p(55).
-564
Let p(n) = 44*n**2 + 5915*n + 5916. Give p(-1).
45
Let m(u) = u**2 - 7646*u + 122183. What is m(16)?
103
Let s(i) = -2243*i**2 - 38138*i - 111. Give s(-17).
8
Let s(r) = r**2 - 137*r + 4140. Determine s(88).
-172
Let h(a) = -747190*a + 747157. What is h(1)?
-33
Let p(b) = -4*b**3 - 1123*b**2 + 275*b - 1723. What is p(-281)?
-37
Let b(d) = 4*d**2 - 649*d + 8547. Give b(13).
786
Let o(k) = 112408*k + 786856. What is o(-7)?
0
Let x(j) = 47929*j - 623067. Give x(13).
10
Let r(y) = -99*y - 7022. Calculate r(-71).
7
Let k(x) = -1246*x - 20103. Determine k(-16).
-167
Let u(t) = -t**2 + 24*t + 204. Determine u(31).
-13
Let t(o) = -37263*o - 15724993. Determine t(-422).
-7
Let d(o) = 891*o**2 + 115823*o - 914. Determine d(-130).
-4
Let l(r) = r**3 - 339*r**2 + 4905*r - 1425846. Give l(337).
1
Let c(k) = 664*k**3 - 2*k**2 - 4*k - 2. Give c(-1).
-664
Let b(f) = 4*f**2 - 1073*f + 30462. Determine b(236).
18
Let g(l) = l**3 - 80*l**2 + 1051*l + 358. Determine g(17).
18
